903 + -12498. What is the thousands digit of i?
6
Suppose 5*b - 52 = -4*t + b, 3*t - 5*b = 79. Let z(w) = t*w - 12 - 33 - 14 + 25. What is the hundreds digit of z(9)?
1
Suppose 4*g + 0*h - h = -5941, -2*g - 2983 = -3*h. Let c = -912 - g. What is the hundreds digit of c?
5
Suppose -15692 = -h - 94*u + 97*u, 0 = -h + 4*u + 15694. What is the units digit of h?
6
Suppose -6*t = -305 - 787. Suppose 2*o - 195 = -o. Let y = t - o. What is the tens digit of y?
1
Let d = 89251 - 50238. What is the hundreds digit of d?
0
Let n = -41742 - -64794. What is the tens digit of n?
5
Suppose -3*x = -r - x + 6527, 5*x + 15 = 0. What is the hundreds digit of r?
5
Let u = 4042 + 8261. What is the ten thousands digit of u?
1
Suppose 109*u + 398*u - 14491484 = 6834964. What is the ten thousands digit of u?
4
Suppose 16 = -4*u + 5*y, -y - 1 = -0*u - 5*u. Let k be 90/(-36)*((-37)/5 + u). What is the tens digit of k/(-12) - 188/(-6)?
3
What is the hundreds digit of (-418)/(-19) - 20 - (-361*31 + -2)?
1
Suppose 2*k = 5*y - 0*k - 15324, -4*y + 12252 = -4*k. Suppose -24*n = -10*n - y. What is the hundreds digit of n?
2
Let u be (-63)/7*112/6. Let k = 237 + u. Let r = 132 - k. What is the units digit of r?
3
Let c be 12*6/(-9) + -2742. Let y = c - -4798. What is the hundreds digit of y?
0
Suppose -4*y + l + 38 = 0, 17 = -y + 4*y + 5*l. What is the tens digit of (3/(-2))/(y/(-1344))?
2
Let w(u) be the third derivative of 8*u**5/15 - u**4/12 + u**3/6 - 9*u**2. Let j be w(1). Suppose -j = -3*m + 38. What is the units digit of m?
3
Let h = 30 - 31. Let y = 44 - 40. What is the tens digit of -1 + h + 308/y?
7
Let x(n) = n**2 + 4*n - 40. Let f be x(-24). Suppose f = 5*j + 6*j. What is the units digit of j?
0
Let v be 0*((-35)/10 - -4). What is the hundreds digit of (-17 - -18)*(v - -356)?
3
Let h = 9 - -11. Suppose 13*l = 8*l + h. What is the units digit of 105 + l/16*0?
5
Let q = -232 + 495. Suppose -3*r + 28 = 5*s, 0 = s - 0*r - 5*r. Suppose 2*w - 164 = -2*k, -s*w - 3*k + q + 137 = 0. What is the tens digit of w?
7
Suppose 6*y - 509070 = -16*y - 8*y. What is the units digit of y?
9
Let u(b) = 4*b**2 + 16*b - 172. Let y = -238 - -214. What is the tens digit of u(y)?
4
Suppose -5*x + 6 - 1 = 0. Let i(n) = 508*n - 2. Let q be i(x). Suppose 20 - q = -9*p. What is the tens digit of p?
5
Suppose -21*v = -9*v - 156. Suppose -2 = x - 2*o, 2*o - o = -x + v. Suppose -3*y + x*y - 270 = -p, -5*p - 28 = -y. What is the tens digit of y?
5
Suppose 116946 = -595*b - 597*b + 1201*b. What is the hundreds digit of b?
9
Suppose -138*m + 151*m - 37310 = 0. What is the tens digit of m?
7
Suppose -25*g + 508593 = 28*g + 22159. What is the hundreds digit of g?
1
Let s = 59 - 30. Suppose 10*a - 41 = s. Suppose 0 = -a*q + 8*q - 207. What is the tens digit of q?
0
Let i = -29 + 33. Let p(c) = -52*c - 2. Let s be p(i). Let o = -150 - s. What is the tens digit of o?
6
Suppose 0 = 13*u - 0*j - 5*j - 328445, 2*j = 5*u - 126325. What is the ten thousands digit of u?
2
Let b(v) = -394*v + 4010. What is the thousands digit of b(-6)?
6
Let x(m) = 4*m - 1. Let b be x(-4). Let p be 15 + b + (-4)/(-2). Suppose -7*d + p*d + 287 = 0. What is the tens digit of d?
4
Let s = -9967 + 16440. What is the tens digit of s?
7
Suppose 10*i - 139 - 21 = 0. Suppose 15*p = i*p - 2. What is the tens digit of 120/p + (11 - 7)?
6
Suppose 4*d + 5*i = 31, -2 = -5*d - 3*i + 40. What is the hundreds digit of (2/(-6) + 6/d)*423?
1
Let l(o) = -7*o**3 + 7*o**2 + 3*o. Let c be l(3). Let y = c - -477. What is the tens digit of y?
6
Suppose 105791 = 158*a - 308011. What is the tens digit of a?
1
Let t be (-379)/(-3)*18/2. Let d = -549 + t. Suppose 8*k - d = 4*k. What is the units digit of k?
7
Let n = -4192 + 4498. What is the tens digit of n?
0
Suppose -7537 - 4763 = 5*q. Let g = -715 - q. What is the units digit of g?
5
What is the units digit of (72/(-84))/(5 + (-68697)/13734)?
6
Let o = 204 + -196. Let d(p) = 2*p**3 - 6*p**2 - 2*p + 27. What is the hundreds digit of d(o)?
6
Let q be 2440/14 - ((-4)/(-14))/1. Suppose -3*r + 3141 = 3*o, -o = -2*r + 2271 - q. What is the tens digit of r?
4
Let t(v) = -176*v + 202. Let m be t(-37). Suppose 0 = 6*z + 2184 - m. What is the hundreds digit of z?
7
Let g(a) = -86 + 15*a + 32 + 41 + 1190*a**2. What is the tens digit of g(1)?
9
Let l = -16265 - -23435. What is the hundreds digit of l?
1
Suppose 56*f - 53*f - 25485 = -3*a, -a + 4*f + 8505 = 0. What is the thousands digit of a?
8
Suppose 119 = -2*i + 6*i + 3*b, -i + 4*b + 44 = 0. Suppose -h + 415 = -i. What is the hundreds digit of h?
4
Let k(d) = -d**2 + 35*d + 164. Let g be k(40). What is the hundreds digit of (-3179)/(-4) + (-1 - 9/g)?
7
Suppose 26*o - 40*o - 70 = 0. What is the tens digit of 1*4*(-340)/o?
7
Suppose -14*q + 18*q = 36. Suppose -12 = y - q. What is the units digit of 4 + (-316)/(-4 + (-1 - y))?
2
Suppose 0 = -4*k + 20 + 40. Let l(y) = -2*y**2 + 11*y - 18. Let q be l(k). Let r = -109 - q. What is the tens digit of r?
9
What is the units digit of (-1)/(((-120)/(-8))/(-33690))?
6
Suppose -51*o - 139*o = -8526820. What is the ten thousands digit of o?
4
Suppose k = 2*z - 216, k = 3*z - 76 - 137. Let c = 751 + k. What is the tens digit of c?
2
Let o be 18/(-21) - 39/(-21). Let l(y) = 656*y**2 + 4*y - 4. What is the tens digit of l(o)?
5
Let y(m) = -6203*m**3 + 35*m + 35. What is the thousands digit of y(-1)?
6
Let r = 560 + -235. Suppose 10*p - 5885 = -r. What is the tens digit of p?
5
Suppose -5*f = -3*a - 12670, 4*f + 3*a - 4622 = 5514. What is the units digit of f?
4
Suppose -2*t = -3*g - 507, 2*t = -t + 4*g + 759. Let y be t/13 + (-18)/117. Let s = y - 18. What is the units digit of s?
1
Let h = -130 + 247. Let r = h + -40. Suppose -73*k = -r*k + 340. What is the tens digit of k?
8
Let r = -11258 + 15829. What is the thousands digit of r?
4
What is the thousands digit of ((-1828)/6)/((-348)/7830)?
6
Let p = 14835 + -5389. What is the tens digit of p?
4
Let u = -17496 + 27179. What is the hundreds digit of u?
6
Let k(y) be the first derivative of 49*y**4/4 - 19*y**3/3 - 7*y**2/2 + y + 166. What is the thousands digit of k(3)?
1
What is the units digit of (7 + -6)*(-10 - -4094)?
4
Let u(b) = 219*b + 442. What is the units digit of u(43)?
9
Suppose -131*h - 5 = -132*h. Suppose -y - 4*y = h*m - 2145, 2*m + y - 861 = 0. What is the units digit of m?
2
Suppose 0 = -326*l + 9165672 - 71902. What is the thousands digit of l?
7
Suppose 4 = -5*y - 1. Let b be (y + -47 + 0)*-1. What is the hundreds digit of (0 - -4)/2*2520/b?
1
Let b(h) = -10*h**2 - 7*h - 10. Let w(t) = 10*t**2 + 9*t + 11. Let l(x) = -5*b(x) - 4*w(x). What is the units digit of l(-3)?
9
What is the tens digit of ((-7478)/4)/((-72)/288)?
7
Let b(m) = 48*m - 1053. What is the hundreds digit of b(43)?
0
Let v = 15877 + -3796. What is the tens digit of v?
8
Let s = -28953 + 44022. What is the thousands digit of s?
5
Let p(k) = -k**3 - 14*k**2 + 26*k - 7. Let c be -1 + 0 - 16 - 12/(-12). What is the tens digit of p(c)?
8
Let r(u) = -26*u - 16. Let f be r(-2). What is the units digit of 147/(-6)*2*f/(-6)?
4
Suppose 5*v - 2*v - 2*a - 556 = 0, 3*v - 3*a - 561 = 0. Let r = v + -121. What is the units digit of r?
1
Suppose 11*i = 15*i + b - 52, -i = -5*b - 34. Let p(n) be the third derivative of n**4/24 - 11*n**3/6 - 2*n**2. What is the units digit of p(i)?
3
Let k be 4 - 2 - (-12)/(-12). What is the tens digit of k/2*(260 + 0)?
3
Let m(i) = 1144*i**3 - 1143*i**3 + 46*i**2 - 39*i**2. Let x be ((-10)/(-4))/((-2)/4). What is the tens digit of m(x)?
5
Let u(d) = 630*d - 1366. What is the tens digit of u(9)?
0
Let h = -6628 + 3478. What is the tens digit of ((-2)/(-6))/((-10)/h)?
0
Let p(k) = 34*k**2 - 7*k + 4. Let l be p(-2). Let j = 181 - l. What is the units digit of j?
7
Let o be ((-130)/30)/(2/30). Let x = 87 + o. What is the tens digit of x?
2
Suppose -116*c + 112*c = -2*n + 27276, 4*n + 3*c - 54596 = 0. What is the ten thousands digit of n?
1
Let d(g) = 377*g**2 - 88*g - 285. What is the units digit of d(-9)?
4
What is the hundreds digit of 213/568 - (4 + -2 - 1764759/24)?
5
Suppose 3*k - 49*j + 54*j = 25097, k - 2*j = 8384. What is the tens digit of k?
7
Suppose 5*a - 4*n - 10 = -2*n, 36 = 4*a + 4*n. Suppose 0*r = r + 5, 0 = 2*h + a*r - 462. What is the hundreds digit of h?
2
Le